{"id":1774,"date":"2023-05-17T11:17:19","date_gmt":"2023-05-17T09:17:19","guid":{"rendered":"https:\/\/umwelthaus-pinneberg.de\/?page_id=1774"},"modified":"2023-05-17T11:21:10","modified_gmt":"2023-05-17T09:21:10","slug":"unsere-bienen","status":"publish","type":"page","link":"https:\/\/umwelthaus-pinneberg.de\/?page_id=1774","title":{"rendered":"Unsere Bienen"},"content":{"rendered":"\n<figure class=\"wp-block-image size-full\"><img loading=\"lazy\" decoding=\"async\" width=\"600\" height=\"450\" src=\"https:\/\/umwelthaus-pinneberg.de\/wp-content\/uploads\/2023\/05\/2023-05-01-15.03.39.jpg\" alt=\"\" class=\"wp-image-1746\" srcset=\"https:\/\/umwelthaus-pinneberg.de\/wp-content\/uploads\/2023\/05\/2023-05-01-15.03.39.jpg 600w, https:\/\/umwelthaus-pinneberg.de\/wp-content\/uploads\/2023\/05\/2023-05-01-15.03.39-300x225.jpg 300w\" sizes=\"auto, (max-width: 600px) 100vw, 600px\" \/><\/figure>\n\n\n\n<p>Unsere Bienenv\u00f6lker leben in gr\u00fcnen Beuten (K\u00e4sten), die hier alle einer Reihe stehen. Jedes Volk besteht aus einer K\u00f6nigin, im Sommer ca. 40.000 Arbeiterinnen und rd. 800 Drohnen, das sind die Br\u00fcder der Arbeiterinnen. Nur gemeinsam k\u00f6nnen die Bienen \u00fcberleben. Der Mensch h\u00e4lt Bienen seit vielen tausend Jahren als wildes Nutztier.<\/p>\n\n\n\n<p>Die einzelne Biene wiegt nur ca. 80mg, kann bis zu 30 km\/h schnell fliegen. Sie lebt im Sommer ca. 6 Wochen und muss in dieser Zeit viele Aufgaben erledigen. Sie putzt die Brutwaben, f\u00fcttert, schwitzt Wachs aus ihren Dr\u00fcsen, baut Waben, sammelt Pollen, Nektar und Wasser, macht aus Nektar und Honigtau Honig und best\u00e4ubt Bl\u00fcten. 200-300 Bl\u00fcten besucht die Arbeiterin an einem Tag und stellt in ihrem Leben 1-2 Teel\u00f6ffel Honig her. Je Volk ergibt das zwischen 20 und 40kg pro Jahr.<\/p>\n\n\n\n<p>Der leckere Honig von Bienen aus dem Entdeckergarten kann im Holzhaus gekauft werden.<\/p>\n\n\n\n<p>Kontakt: <a href=\"mailto:bienen@umwelthaus-pinneberg.de\">bienen@umwelthaus-pinneberg.de<\/a><\/p>\n\n\n\n<figure class=\"wp-block-image size-full is-resized\"><img loading=\"lazy\" decoding=\"async\" src=\"https:\/\/umwelthaus-pinneberg.de\/wp-content\/uploads\/2023\/05\/holsteiner_imker_logo.png\" alt=\"\" class=\"wp-image-1775\" width=\"224\" height=\"258\" srcset=\"https:\/\/umwelthaus-pinneberg.de\/wp-content\/uploads\/2023\/05\/holsteiner_imker_logo.png 694w, https:\/\/umwelthaus-pinneberg.de\/wp-content\/uploads\/2023\/05\/holsteiner_imker_logo-260x300.png 260w\" sizes=\"auto, (max-width: 224px) 100vw, 224px\" \/><\/figure>\n","protected":false},"excerpt":{"rendered":"<p>Unsere Bienenv\u00f6lker leben in gr\u00fcnen Beuten (K\u00e4sten), die hier alle einer Reihe stehen. Jedes Volk besteht aus einer K\u00f6nigin, im Sommer ca. 40.000 Arbeiterinnen und rd. 800 Drohnen, das sind die Br\u00fcder der Arbeiterinnen. Nur gemeinsam k\u00f6nnen die Bienen \u00fcberleben. Der Mensch h\u00e4lt Bienen seit vielen tausend Jahren als wildes Nutztier. Die einzelne Biene wiegt [&hellip;]<\/p>\n","protected":false},"author":8,"featured_media":0,"parent":118,"menu_order":0,"comment_status":"closed","ping_status":"closed","template":"","meta":{"ngg_post_thumbnail":0,"footnotes":""},"class_list":["post-1774","page","type-page","status-publish","hentry"],"publishpress_future_action":{"enabled":false,"date":"2026-04-21 17:45:40","action":"change-status","newStatus":"draft","terms":[],"taxonomy":"","extraData":[]},"publishpress_future_workflow_manual_trigger":{"enabledWorkflows":[]},"_links":{"self":[{"href":"https:\/\/umwelthaus-pinneberg.de\/index.php?rest_route=\/wp\/v2\/pages\/1774","targetHints":{"allow":["GET"]}}],"collection":[{"href":"https:\/\/umwelthaus-pinneberg.de\/index.php?rest_route=\/wp\/v2\/pages"}],"about":[{"href":"https:\/\/umwelthaus-pinneberg.de\/index.php?rest_route=\/wp\/v2\/types\/page"}],"author":[{"embeddable":true,"href":"https:\/\/umwelthaus-pinneberg.de\/index.php?rest_route=\/wp\/v2\/users\/8"}],"replies":[{"embeddable":true,"href":"https:\/\/umwelthaus-pinneberg.de\/index.php?rest_route=%2Fwp%2Fv2%2Fcomments&post=1774"}],"version-history":[{"count":2,"href":"https:\/\/umwelthaus-pinneberg.de\/index.php?rest_route=\/wp\/v2\/pages\/1774\/revisions"}],"predecessor-version":[{"id":1777,"href":"https:\/\/umwelthaus-pinneberg.de\/index.php?rest_route=\/wp\/v2\/pages\/1774\/revisions\/1777"}],"up":[{"embeddable":true,"href":"https:\/\/umwelthaus-pinneberg.de\/index.php?rest_route=\/wp\/v2\/pages\/118"}],"wp:attachment":[{"href":"https:\/\/umwelthaus-pinneberg.de\/index.php?rest_route=%2Fwp%2Fv2%2Fmedia&parent=1774"}],"curies":[{"name":"wp","href":"https:\/\/api.w.org\/{rel}","templated":true}]}}