{"id":3207,"date":"2025-07-09T10:02:46","date_gmt":"2025-07-09T08:02:46","guid":{"rendered":"https:\/\/umwelthaus-pinneberg.de\/?page_id=3207"},"modified":"2025-07-09T10:05:16","modified_gmt":"2025-07-09T08:05:16","slug":"das-schmetterlingsbeet","status":"publish","type":"page","link":"https:\/\/umwelthaus-pinneberg.de\/?page_id=3207","title":{"rendered":"Das Schmetterlingsbeet"},"content":{"rendered":"\n<h4 class=\"wp-block-heading\">Warum ein Extra \u2013 Schmetterlingsgarten?<\/h4>\n\n\n\n<p>Dieser Garten ist nur 15 qm gro\u00df, hat es aber in sich. Er wird in seiner letzten Phase der Bepflanzung mit Schmetterlingspflanzen circa 50 Arten aufnehmen k\u00f6nnen.<\/p>\n\n\n\n<p>Hierbei werden Gartenpflanzen wie Wildpflanzen mit einander auskommen; keine einfache Aufgabe f\u00fcr die G\u00e4rtnerin\/den G\u00e4rtner!<\/p>\n\n\n\n<p>Es ist der Versuch, der Schmetterlingsfamilie eine reich gef\u00fcllte Tankstelle zum Weiterfliegen oder zum Verbleiben anzubieten.<\/p>\n\n\n\n<p>Da die Familie nur zu 5 % aus Tagfaltern besteht, sind auch Pflanzen f\u00fcr die Nachtfalter in diesem Beet; denn sie sind mit 95% aller Schmetterlinge bei uns eine kaum wahrgenommene Vielfalt!<\/p>\n\n\n\n<p>Biodiversit\u00e4t, ein wichtiger Aspekt im Naturschutz und Artenschutz, der durch die Einbettung dieses kleinen Blumenjuwels in den gro\u00dfen Entdeckergarten noch mehr Sinn erf\u00e4hrt. Denn in diesem gro\u00dfen Naturraum finden die Falter weitere wichtige Pflanzen; wie z.B. den Faulbaum oder 5 verschiedene Weidenarten, die ihnen Futter \u2013 und Nektarquellen zugleich sind.<\/p>\n\n\n\n<p>150 m laufender Knick mit 27 Wildstr\u00e4ucher &#8211; Arten erg\u00e4nzen das \u00dcberlebensangebot, das auch die \u00dcberwinterungsm\u00f6glichkeiten in Form von \u201ewilden Ecken\u201c gew\u00e4hrleistet.<\/p>\n\n\n\n<p><strong>Treffpunkt Schmetterlingsgarten<\/strong>; jeden Montag von 16- 18 Uhr f\u00fcr den BUND Pinneberg.<\/p>\n\n\n\n<p><em>Ansprechpartner:<\/em><br>Rainer Reischuck<br>04101 \u2013 64403<br>E- Mail : <a href=\"mailto:rainer.reischuck@gmail.com\">rainer.reischuck@gmail.com<\/a><\/p>\n\n\n\n<figure class=\"wp-block-gallery has-nested-images columns-default is-cropped wp-block-gallery-1 is-layout-flex wp-block-gallery-is-layout-flex\">\n<figure class=\"wp-block-image size-large\"><img loading=\"lazy\" decoding=\"async\" width=\"600\" height=\"544\" data-id=\"3217\" src=\"https:\/\/umwelthaus-pinneberg.de\/wp-content\/uploads\/2025\/07\/schmetterling4.jpg\" alt=\"\" class=\"wp-image-3217\" srcset=\"https:\/\/umwelthaus-pinneberg.de\/wp-content\/uploads\/2025\/07\/schmetterling4.jpg 600w, https:\/\/umwelthaus-pinneberg.de\/wp-content\/uploads\/2025\/07\/schmetterling4-300x272.jpg 300w\" sizes=\"auto, (max-width: 600px) 100vw, 600px\" \/><figcaption class=\"wp-element-caption\">Feuerfalter auf Knautie<\/figcaption><\/figure>\n\n\n\n<figure class=\"wp-block-image size-large\"><img loading=\"lazy\" decoding=\"async\" width=\"600\" height=\"450\" data-id=\"3214\" src=\"https:\/\/umwelthaus-pinneberg.de\/wp-content\/uploads\/2025\/07\/schmetterling3.jpg\" alt=\"\" class=\"wp-image-3214\" srcset=\"https:\/\/umwelthaus-pinneberg.de\/wp-content\/uploads\/2025\/07\/schmetterling3.jpg 600w, https:\/\/umwelthaus-pinneberg.de\/wp-content\/uploads\/2025\/07\/schmetterling3-300x225.jpg 300w\" sizes=\"auto, (max-width: 600px) 100vw, 600px\" \/><\/figure>\n\n\n\n<figure class=\"wp-block-image size-large\"><img loading=\"lazy\" decoding=\"async\" width=\"600\" height=\"800\" data-id=\"3218\" src=\"https:\/\/umwelthaus-pinneberg.de\/wp-content\/uploads\/2025\/07\/workshop.jpg\" alt=\"\" class=\"wp-image-3218\" srcset=\"https:\/\/umwelthaus-pinneberg.de\/wp-content\/uploads\/2025\/07\/workshop.jpg 600w, https:\/\/umwelthaus-pinneberg.de\/wp-content\/uploads\/2025\/07\/workshop-225x300.jpg 225w\" sizes=\"auto, (max-width: 600px) 100vw, 600px\" \/><figcaption class=\"wp-element-caption\">Workshop: Es wird gepflanzt<\/figcaption><\/figure>\n\n\n\n<figure class=\"wp-block-image size-large\"><img loading=\"lazy\" decoding=\"async\" width=\"600\" height=\"450\" data-id=\"3215\" src=\"https:\/\/umwelthaus-pinneberg.de\/wp-content\/uploads\/2025\/07\/schmetterling2.jpg\" alt=\"Schmetterlings-Garten\" class=\"wp-image-3215\" srcset=\"https:\/\/umwelthaus-pinneberg.de\/wp-content\/uploads\/2025\/07\/schmetterling2.jpg 600w, https:\/\/umwelthaus-pinneberg.de\/wp-content\/uploads\/2025\/07\/schmetterling2-300x225.jpg 300w\" sizes=\"auto, (max-width: 600px) 100vw, 600px\" \/><\/figure>\n<\/figure>\n\n\n\n<p><\/p>\n","protected":false},"excerpt":{"rendered":"<p>Warum ein Extra \u2013 Schmetterlingsgarten? Dieser Garten ist nur 15 qm gro\u00df, hat es aber in sich. Er wird in seiner letzten Phase der Bepflanzung mit Schmetterlingspflanzen circa 50 Arten aufnehmen k\u00f6nnen. Hierbei werden Gartenpflanzen wie Wildpflanzen mit einander auskommen; keine einfache Aufgabe f\u00fcr die G\u00e4rtnerin\/den G\u00e4rtner! Es ist der Versuch, der Schmetterlingsfamilie eine reich [&hellip;]<\/p>\n","protected":false},"author":8,"featured_media":3216,"parent":118,"menu_order":0,"comment_status":"closed","ping_status":"closed","template":"","meta":{"ngg_post_thumbnail":0,"footnotes":""},"class_list":["post-3207","page","type-page","status-publish","has-post-thumbnail","hentry"],"publishpress_future_action":{"enabled":false,"date":"2026-04-21 17:44:42","action":"change-status","newStatus":"draft","terms":[],"taxonomy":"","extraData":[]},"publishpress_future_workflow_manual_trigger":{"enabledWorkflows":[]},"_links":{"self":[{"href":"https:\/\/umwelthaus-pinneberg.de\/index.php?rest_route=\/wp\/v2\/pages\/3207","targetHints":{"allow":["GET"]}}],"collection":[{"href":"https:\/\/umwelthaus-pinneberg.de\/index.php?rest_route=\/wp\/v2\/pages"}],"about":[{"href":"https:\/\/umwelthaus-pinneberg.de\/index.php?rest_route=\/wp\/v2\/types\/page"}],"author":[{"embeddable":true,"href":"https:\/\/umwelthaus-pinneberg.de\/index.php?rest_route=\/wp\/v2\/users\/8"}],"replies":[{"embeddable":true,"href":"https:\/\/umwelthaus-pinneberg.de\/index.php?rest_route=%2Fwp%2Fv2%2Fcomments&post=3207"}],"version-history":[{"count":2,"href":"https:\/\/umwelthaus-pinneberg.de\/index.php?rest_route=\/wp\/v2\/pages\/3207\/revisions"}],"predecessor-version":[{"id":3219,"href":"https:\/\/umwelthaus-pinneberg.de\/index.php?rest_route=\/wp\/v2\/pages\/3207\/revisions\/3219"}],"up":[{"embeddable":true,"href":"https:\/\/umwelthaus-pinneberg.de\/index.php?rest_route=\/wp\/v2\/pages\/118"}],"wp:featuredmedia":[{"embeddable":true,"href":"https:\/\/umwelthaus-pinneberg.de\/index.php?rest_route=\/wp\/v2\/media\/3216"}],"wp:attachment":[{"href":"https:\/\/umwelthaus-pinneberg.de\/index.php?rest_route=%2Fwp%2Fv2%2Fmedia&parent=3207"}],"curies":[{"name":"wp","href":"https:\/\/api.w.org\/{rel}","templated":true}]}}