{"id":3294,"date":"2025-10-15T08:14:25","date_gmt":"2025-10-15T06:14:25","guid":{"rendered":"https:\/\/umwelthaus-pinneberg.de\/?page_id=3294"},"modified":"2025-10-15T08:14:25","modified_gmt":"2025-10-15T06:14:25","slug":"spenden","status":"publish","type":"page","link":"https:\/\/umwelthaus-pinneberg.de\/?page_id=3294","title":{"rendered":"Spenden"},"content":{"rendered":"\n<h4 class=\"wp-block-heading\">Liebe Fans des Entdeckergartens<\/h4>\n\n\n\n<p>Unseren wundersch\u00f6nen Garten und alle Aktivit\u00e4ten (Module f\u00fcr 1.000 Kita- und Schulkinder im Jahr, Ferienprogramm, offene Gartengruppe \u2026) machen wir ehrenamtlich.<\/p>\n\n\n\n<p>Seit drei Jahren unterst\u00fctzt uns Jens Clausen als Umweltp\u00e4dagoge mit 20 Stunden\/Woche hauptberuflich. Die bisherige Finanzierung \u00fcber BINGO, die Umweltlotterie, ist ausgelaufen. Jetzt brauchen wir jede Unterst\u00fctzung \/ Spende f\u00fcr sein Gehalt.<\/p>\n\n\n\n<p>Als gemeinn\u00fctziger Verein sind wir froh \u00fcber jede Spende heute, eure F\u00f6rdermitgliedschaft oder auch eine monatliche Unterst\u00fctzung.<\/p>\n\n\n\n<p>Wir sagen schon einmal DANKESCH\u00d6N!<br>Eure Entdeckerg\u00e4rtnerinnen und Entdeckerg\u00e4rtner<\/p>\n\n\n\n<p><strong>Eure Spende f\u00fcr den Entdeckergarten<\/strong><br>Umwelthaus Pinneberg e.V.<br>DE47 2305 1030 0003 9801 25<br>Sparkasse S\u00fcdholstein<\/p>\n\n\n\n<p><strong>Ich m\u00f6chte F\u00f6rdermitglied werden<\/strong>:<\/p>\n\n\n\n<div data-wp-interactive=\"core\/file\" class=\"wp-block-file\"><object data-wp-bind--hidden=\"!state.hasPdfPreview\" hidden class=\"wp-block-file__embed\" data=\"https:\/\/umwelthaus-pinneberg.de\/wp-content\/uploads\/2025\/10\/antrag_foerdermitgliedschaft.pdf\" type=\"application\/pdf\" style=\"width:100%;height:600px\" aria-label=\"Einbettung von antrag_foerdermitgliedschaft.\"><\/object><a id=\"wp-block-file--media-b5fbfa2b-8ecf-422d-8356-532f6adfc743\" href=\"https:\/\/umwelthaus-pinneberg.de\/wp-content\/uploads\/2025\/10\/antrag_foerdermitgliedschaft.pdf\">antrag_foerdermitgliedschaft<\/a><a href=\"https:\/\/umwelthaus-pinneberg.de\/wp-content\/uploads\/2025\/10\/antrag_foerdermitgliedschaft.pdf\" class=\"wp-block-file__button wp-element-button\" download aria-describedby=\"wp-block-file--media-b5fbfa2b-8ecf-422d-8356-532f6adfc743\">Herunterladen<\/a><\/div>\n","protected":false},"excerpt":{"rendered":"<p>Liebe Fans des Entdeckergartens Unseren wundersch\u00f6nen Garten und alle Aktivit\u00e4ten (Module f\u00fcr 1.000 Kita- und Schulkinder im Jahr, Ferienprogramm, offene Gartengruppe \u2026) machen wir ehrenamtlich. Seit drei Jahren unterst\u00fctzt uns Jens Clausen als Umweltp\u00e4dagoge mit 20 Stunden\/Woche hauptberuflich. Die bisherige Finanzierung \u00fcber BINGO, die Umweltlotterie, ist ausgelaufen. Jetzt brauchen wir jede Unterst\u00fctzung \/ Spende f\u00fcr [&hellip;]<\/p>\n","protected":false},"author":8,"featured_media":3251,"parent":0,"menu_order":0,"comment_status":"closed","ping_status":"closed","template":"","meta":{"ngg_post_thumbnail":0,"footnotes":""},"class_list":["post-3294","page","type-page","status-publish","has-post-thumbnail","hentry"],"publishpress_future_action":{"enabled":false,"date":"2026-04-23 08:00:24","action":"change-status","newStatus":"draft","terms":[],"taxonomy":"","extraData":[]},"publishpress_future_workflow_manual_trigger":{"enabledWorkflows":[]},"_links":{"self":[{"href":"https:\/\/umwelthaus-pinneberg.de\/index.php?rest_route=\/wp\/v2\/pages\/3294","targetHints":{"allow":["GET"]}}],"collection":[{"href":"https:\/\/umwelthaus-pinneberg.de\/index.php?rest_route=\/wp\/v2\/pages"}],"about":[{"href":"https:\/\/umwelthaus-pinneberg.de\/index.php?rest_route=\/wp\/v2\/types\/page"}],"author":[{"embeddable":true,"href":"https:\/\/umwelthaus-pinneberg.de\/index.php?rest_route=\/wp\/v2\/users\/8"}],"replies":[{"embeddable":true,"href":"https:\/\/umwelthaus-pinneberg.de\/index.php?rest_route=%2Fwp%2Fv2%2Fcomments&post=3294"}],"version-history":[{"count":1,"href":"https:\/\/umwelthaus-pinneberg.de\/index.php?rest_route=\/wp\/v2\/pages\/3294\/revisions"}],"predecessor-version":[{"id":3296,"href":"https:\/\/umwelthaus-pinneberg.de\/index.php?rest_route=\/wp\/v2\/pages\/3294\/revisions\/3296"}],"wp:featuredmedia":[{"embeddable":true,"href":"https:\/\/umwelthaus-pinneberg.de\/index.php?rest_route=\/wp\/v2\/media\/3251"}],"wp:attachment":[{"href":"https:\/\/umwelthaus-pinneberg.de\/index.php?rest_route=%2Fwp%2Fv2%2Fmedia&parent=3294"}],"curies":[{"name":"wp","href":"https:\/\/api.w.org\/{rel}","templated":true}]}}