{"id":923,"date":"2022-02-12T12:04:36","date_gmt":"2022-02-12T11:04:36","guid":{"rendered":"https:\/\/umwelthaus-pinneberg.de\/?page_id=923"},"modified":"2022-02-12T12:04:36","modified_gmt":"2022-02-12T11:04:36","slug":"der-kroetenzaun-am-hogenkamp","status":"publish","type":"page","link":"https:\/\/umwelthaus-pinneberg.de\/?page_id=923","title":{"rendered":"Der Kr\u00f6tenzaun am Hogenkamp"},"content":{"rendered":"\n<h2 class=\"wp-block-heading\" id=\"wofur-wird-ein-krotenzaun-benotigt\">Wof\u00fcr wird ein Kr\u00f6tenzaun ben\u00f6tigt?<\/h2>\n\n\n\n<p>Ein Kr\u00f6tenzaun wird ben\u00f6tigt, wenn eine befahrene Stra\u00dfe den Weg der Erdkr\u00f6ten zu ihren Laichpl\u00e4tzen im Fr\u00fchjahr durchtrennt. Besonders bei den im Februar und M\u00e4rz noch sehr niedrigen Temperaturen ben\u00f6tigen die wechselwarmen Tiere sehr lange, um \u00fcber die Stra\u00dfe zu kommen. Dabei besteht nicht nur die Gefahr, dass die Tiere von den Autoreifen zerquetscht werden. Durch den Unterdruck, der unter dem Auto entsteht, k\u00f6nnen auch die inneren Organe der empfindlichen Tiere verletzt werden. Daher sieht man auch viele Tote Kr\u00f6ten auf Stra\u00dfen, die nicht plattgefahren sind.<\/p>\n\n\n\n<h2 class=\"wp-block-heading\" id=\"wie-funktioniert-ein-krotenzaun\">Wie funktioniert ein Kr\u00f6tenzaun?<\/h2>\n\n\n\n<p>Ein Kr\u00f6tenzaun wird kurz vor Beginn der Kr\u00f6tenwanderung aufgebaut. Da die Kr\u00f6ten nicht springen und nur sehr wenig klettern k\u00f6nnen, wandern sie am Zaun entlang, um eine L\u00fccke zu finden, damit sie wieder in ihre eigentliche Richtung laufen k\u00f6nnen. In gewissen Abst\u00e4nden sind an der Innenseite des Zauns (also in der Richtung aus der die Kr\u00f6ten kommen) Eimer im Boden vergraben, in die die Kr\u00f6ten reinfallen. Dort werden sie jeden Morgen, sp\u00e4testens in der D\u00e4mmerung, von uns Kr\u00f6tenrettern und Kr\u00f6tenretterinnen herausgeholt und zum Teich getragen.<br>Dabei z\u00e4hlen wir die Kr\u00f6ten, nach Geschlechtern getrennt, um einen \u00dcberblick zu bekommen, wie sich die Population entwickelt. Auch andere Amphibien wie Grasfr\u00f6sche und Molche fangen wir dabei in den Eimern. Diese tragen wir nat\u00fcrlich auch r\u00fcber.<br>Wenn sp\u00e4ter im Fr\u00fchjahr die Zahl der Tiere deutlich nachl\u00e4sst, wird der Zaun wieder abgebaut, damit nicht die Tiere, die schon wieder in entgegengesetzter Richtung laufen, auf der Stra\u00dfe gefangen sind.<\/p>\n\n\n\n<figure class=\"wp-block-gallery has-nested-images columns-default is-cropped wp-block-gallery-1 is-layout-flex wp-block-gallery-is-layout-flex\">\n<figure class=\"wp-block-image size-large\"><img decoding=\"async\" data-id=\"926\" src=\"https:\/\/umwelthaus-pinneberg.de\/wp-content\/uploads\/2022\/02\/IMG_20180404_073609904-576x1024.jpg\" alt=\"\" class=\"wp-image-926\"\/><\/figure>\n\n\n\n<figure class=\"wp-block-image size-large\"><img loading=\"lazy\" decoding=\"async\" width=\"1024\" height=\"576\" data-id=\"927\" src=\"https:\/\/umwelthaus-pinneberg.de\/wp-content\/uploads\/2022\/02\/IMG_20180409_104402656-1024x576.jpg\" alt=\"\" class=\"wp-image-927\" srcset=\"https:\/\/umwelthaus-pinneberg.de\/wp-content\/uploads\/2022\/02\/IMG_20180409_104402656-1024x576.jpg 1024w, https:\/\/umwelthaus-pinneberg.de\/wp-content\/uploads\/2022\/02\/IMG_20180409_104402656-300x169.jpg 300w, https:\/\/umwelthaus-pinneberg.de\/wp-content\/uploads\/2022\/02\/IMG_20180409_104402656-768x432.jpg 768w, https:\/\/umwelthaus-pinneberg.de\/wp-content\/uploads\/2022\/02\/IMG_20180409_104402656-1536x864.jpg 1536w, https:\/\/umwelthaus-pinneberg.de\/wp-content\/uploads\/2022\/02\/IMG_20180409_104402656-2048x1152.jpg 2048w, https:\/\/umwelthaus-pinneberg.de\/wp-content\/uploads\/2022\/02\/IMG_20180409_104402656-1200x675.jpg 1200w, https:\/\/umwelthaus-pinneberg.de\/wp-content\/uploads\/2022\/02\/IMG_20180409_104402656-1980x1114.jpg 1980w\" sizes=\"auto, (max-width: 1024px) 100vw, 1024px\" \/><\/figure>\n\n\n\n<figure class=\"wp-block-image size-large\"><img loading=\"lazy\" decoding=\"async\" width=\"1024\" height=\"681\" data-id=\"925\" src=\"https:\/\/umwelthaus-pinneberg.de\/wp-content\/uploads\/2022\/02\/DSC_3184-1024x681.jpg\" alt=\"\" class=\"wp-image-925\" srcset=\"https:\/\/umwelthaus-pinneberg.de\/wp-content\/uploads\/2022\/02\/DSC_3184-1024x681.jpg 1024w, https:\/\/umwelthaus-pinneberg.de\/wp-content\/uploads\/2022\/02\/DSC_3184-300x200.jpg 300w, https:\/\/umwelthaus-pinneberg.de\/wp-content\/uploads\/2022\/02\/DSC_3184-768x511.jpg 768w, https:\/\/umwelthaus-pinneberg.de\/wp-content\/uploads\/2022\/02\/DSC_3184-1536x1022.jpg 1536w, https:\/\/umwelthaus-pinneberg.de\/wp-content\/uploads\/2022\/02\/DSC_3184-2048x1363.jpg 2048w, https:\/\/umwelthaus-pinneberg.de\/wp-content\/uploads\/2022\/02\/DSC_3184-1200x799.jpg 1200w, https:\/\/umwelthaus-pinneberg.de\/wp-content\/uploads\/2022\/02\/DSC_3184-1980x1318.jpg 1980w\" sizes=\"auto, (max-width: 1024px) 100vw, 1024px\" \/><\/figure>\n\n\n\n<figure class=\"wp-block-image size-large\"><img loading=\"lazy\" decoding=\"async\" width=\"1024\" height=\"681\" data-id=\"924\" src=\"https:\/\/umwelthaus-pinneberg.de\/wp-content\/uploads\/2022\/02\/DSC_3177-1024x681.jpg\" alt=\"\" class=\"wp-image-924\" srcset=\"https:\/\/umwelthaus-pinneberg.de\/wp-content\/uploads\/2022\/02\/DSC_3177-1024x681.jpg 1024w, https:\/\/umwelthaus-pinneberg.de\/wp-content\/uploads\/2022\/02\/DSC_3177-300x200.jpg 300w, https:\/\/umwelthaus-pinneberg.de\/wp-content\/uploads\/2022\/02\/DSC_3177-768x511.jpg 768w, https:\/\/umwelthaus-pinneberg.de\/wp-content\/uploads\/2022\/02\/DSC_3177-1536x1022.jpg 1536w, https:\/\/umwelthaus-pinneberg.de\/wp-content\/uploads\/2022\/02\/DSC_3177-2048x1363.jpg 2048w, https:\/\/umwelthaus-pinneberg.de\/wp-content\/uploads\/2022\/02\/DSC_3177-1200x799.jpg 1200w, https:\/\/umwelthaus-pinneberg.de\/wp-content\/uploads\/2022\/02\/DSC_3177-1980x1318.jpg 1980w\" sizes=\"auto, (max-width: 1024px) 100vw, 1024px\" \/><\/figure>\n<\/figure>\n","protected":false},"excerpt":{"rendered":"<p>Wof\u00fcr wird ein Kr\u00f6tenzaun ben\u00f6tigt? Ein Kr\u00f6tenzaun wird ben\u00f6tigt, wenn eine befahrene Stra\u00dfe den Weg der Erdkr\u00f6ten zu ihren Laichpl\u00e4tzen im Fr\u00fchjahr durchtrennt. Besonders bei den im Februar und M\u00e4rz noch sehr niedrigen Temperaturen ben\u00f6tigen die wechselwarmen Tiere sehr lange, um \u00fcber die Stra\u00dfe zu kommen. Dabei besteht nicht nur die Gefahr, dass die Tiere [&hellip;]<\/p>\n","protected":false},"author":1,"featured_media":0,"parent":0,"menu_order":0,"comment_status":"closed","ping_status":"closed","template":"","meta":{"ngg_post_thumbnail":0,"footnotes":""},"class_list":["post-923","page","type-page","status-publish","hentry"],"publishpress_future_action":{"enabled":false,"date":"2026-04-21 21:34:12","action":"change-status","newStatus":"draft","terms":[],"taxonomy":"","extraData":[]},"publishpress_future_workflow_manual_trigger":{"enabledWorkflows":[]},"_links":{"self":[{"href":"https:\/\/umwelthaus-pinneberg.de\/index.php?rest_route=\/wp\/v2\/pages\/923","targetHints":{"allow":["GET"]}}],"collection":[{"href":"https:\/\/umwelthaus-pinneberg.de\/index.php?rest_route=\/wp\/v2\/pages"}],"about":[{"href":"https:\/\/umwelthaus-pinneberg.de\/index.php?rest_route=\/wp\/v2\/types\/page"}],"author":[{"embeddable":true,"href":"https:\/\/umwelthaus-pinneberg.de\/index.php?rest_route=\/wp\/v2\/users\/1"}],"replies":[{"embeddable":true,"href":"https:\/\/umwelthaus-pinneberg.de\/index.php?rest_route=%2Fwp%2Fv2%2Fcomments&post=923"}],"version-history":[{"count":1,"href":"https:\/\/umwelthaus-pinneberg.de\/index.php?rest_route=\/wp\/v2\/pages\/923\/revisions"}],"predecessor-version":[{"id":928,"href":"https:\/\/umwelthaus-pinneberg.de\/index.php?rest_route=\/wp\/v2\/pages\/923\/revisions\/928"}],"wp:attachment":[{"href":"https:\/\/umwelthaus-pinneberg.de\/index.php?rest_route=%2Fwp%2Fv2%2Fmedia&parent=923"}],"curies":[{"name":"wp","href":"https:\/\/api.w.org\/{rel}","templated":true}]}}